e prime factors of o.
2, 3
List the prime factors of 9/12*3*(3 - -41).
3, 11
Let q(g) = -g + 1. Let j(l) = -l. Let y(z) = 2*j(z) + q(z). Let p = -8 - -5. List the prime factors of y(p).
2, 5
Suppose 2*g = -0*g + 6. Suppose -2*d = 2*f - 18, -d - 4*d = -g*f - 13. Suppose -3*a - f*b + 40 = a, 4*b = 4*a - 24. List the prime factors of a.
2
Let w be 10 + -3 - 0 - 3. Suppose -17 = 3*l - w*l. What are the prime factors of l?
17
Suppose -8*f = -4*f - 44. List the prime factors of f.
11
Suppose i = j - 28, 2*j + 4*i - 48 = 2*i. What are the prime factors of j?
2, 13
Let a(n) = -4*n + 26. List the prime factors of a(-13).
2, 3, 13
Suppose 2*s = 2, 3*b - 130 = s + 4*s. Suppose 2*t - b = 7*t. Let v = t + 19. List the prime factors of v.
2, 5
Let w = 53 - 19. List the prime factors of w.
2, 17
Let j = 401 - 249. List the prime factors of j.
2, 19
Suppose -2*q + 130 = 2*d + 2*q, -2*q - 148 = -2*d. What are the prime factors of d?
71
What are the prime factors of (-7 - -10) + (-1 + -203)/(-3)?
71
Suppose 0*w + 2 = w. Suppose -5 = -w*v + 1. List the prime factors of v.
3
Suppose 2*m - m - 10 = 0. Suppose -i + 0*i + 4*f = m, -3*i - 3*f = 0. Let h = i + 12. List the prime factors of h.
2, 5
Suppose 0 = q - 0*q + 4*z - 39, -4*q - 4*z = -180. What are the prime factors of q?
47
List the prime factors of -4*(-1 + 0)*2.
2
Suppose -4*t - 58 = -3*a, 3*a - t + 7 = 80. Let s = 16 - a. What are the prime factors of (-69)/(-15) - 4/s?
5
Let f(h) = -h**2 + 2*h**3 - 3 - 2*h - h**3 + 7*h**2. Let j(z) = -z**2 - 11*z - 6. Let g be j(-11). What are the prime factors of f(g)?
3
Let k(n) = -n**3 - 3*n**2 + 7*n + 7. What are the prime factors of k(-6)?
73
Suppose -97 = 4*a - 13. Let f = -12 - a. What are the prime factors of f?
3
Suppose 0 = -6*i + 3*i + 114. Suppose 0 = -5*w - v + i + 180, 5*v - 122 = -3*w. What are the prime factors of w?
2, 11
Let r be -1*1 + (3 - 0). Suppose 5*z + 8 = x + 31, -2*x - 6 = -r*z. Let s = z + 7. What are the prime factors of s?
2, 3
Suppose 4*k = -5*w + 53, 0 = -2*w + 2*k + k + 12. List the prime factors of w.
3
Let t = -12 - -21. List the prime factors of t.
3
Let n(t) = t**3 - t**2 - t - 18. Suppose 3*l - 8*l = 0. Let k be n(l). Let b = -10 - k. What are the prime factors of b?
2
Let h(y) = -4*y - 1. Let j be h(-1). What are the prime factors of j/(-7) + (-678)/(-14)?
2, 3
Suppose 5*c = -5*s + 2*s + 26, 3*c - 4 = 4*s. What are the prime factors of s/3*81/3?
2, 3
Suppose -5*t = -3*t - 6. Suppose 2*b = 0, -t*m - 4 = 5*b - 94. What are the prime factors of m?
2, 3, 5
Suppose 4*c - 38 = 282. What are the prime factors of c?
2, 5
Let p(u) = u + 7. Let n be p(-5). Suppose 0 = -n*t - t + 54. What are the prime factors of t?
2, 3
Suppose -2*q - a - a + 364 = 0, -a - 172 = -q. List the prime factors of q.
3, 59
Let a be (-30)/(-9)*(-6)/(-4). Let x = a + -3. What are the prime factors of x/(-4)*(-6 - -2)?
2
Let p = -51 - -126. List the prime factors of p.
3, 5
Suppose -4*j = -0*j - 16. Suppose -2*i - 4 = -j*i. What are the prime factors of i?
2
Let k = 22 + -3. What are the prime factors of k?
19
Suppose 0*c - 3*c = -162. What are the prime factors of c?
2, 3
Let b be (-2)/(-5) - (-16)/10. Let j(o) = o**2 - 10*o + 2. Let x be j(10). Suppose -y - 2*h - b*h - 8 = 0, 0 = -3*y + x*h + 18. What are the prime factors of y?
2
Suppose -4*m - 26 + 2 = 0. List the prime factors of m/4*26/(-3).
13
Let c(t) = 1. Let l(g) = -g - 13. Let r(w) = -4*c(w) - l(w). List the prime factors of r(-4).
5
Let k = 22 + -14. Suppose -k = -0*x - 2*x. Suppose 0 = x*o - 1 - 11. What are the prime factors of o?
3
Let y = -7 + 14. Let d(h) = -h**3 + 6*h**2 + 8*h. What are the prime factors of d(y)?
7
Let a = 27 - 7. Suppose 0 = -4*o + 5*o - a. What are the prime factors of o?
2, 5
What are the prime factors of -48*-1*(-1)/(-1)?
2, 3
Suppose 5*m = -2 - 3. Let l = m - -3. Let y(f) = 5*f**2 - 3*f. What are the prime factors of y(l)?
2, 7
Let m(c) = c**3 + 4*c**2 + c + 3. Let d = -11 - -7. Let b be m(d). Let i = 6 - b. List the prime factors of i.
7
Suppose 326 = -37*r + 38*r. List the prime factors of r.
2, 163
Suppose 2*d - 46 = c, -3*d + 2*c + 69 = 5*c. What are the prime factors of d?
23
Let r be (2*-20)/((-3)/3). Suppose r = 4*d + y, -2*d - d - y = -29. List the prime factors of d.
11
Let s be 2/(-6) - (-49)/21. Suppose -2*b + 12 = s*b. Suppose 4*p - 22 = -5*k, b*k - 22 = -3*p + 2*k. List the prime factors of p.
2
Let u(d) = -d**3 + d**2 + d + 33. What are the prime factors of u(0)?
3, 11
Suppose -y = 2*y + 138. Let j = 78 + y. List the prime factors of j.
2
Let d be 37 - (1 + -1 - 2). Suppose 2*x + 3*c - 26 = 0, 2*c + d = 3*x + c. What are the prime factors of x?
13
Let z(b) = 3*b**2 - 7*b. Let h(t) = t - 12. Let n be h(11). Let d(y) = -y**2 + 1. Let u(o) = n*z(o) - 2*d(o). List the prime factors of u(6).
2
Suppose -2*h + 94 = -5*f, -f - 3*f + 76 = 2*h. What are the prime factors of h?
2, 3, 7
Let n(d) = 2*d**3 + d**2 + 4*d - 4. Let v be n(3). Suppose -f - 4*p + v = 4*f, -4*f = p - 48. What are the prime factors of f?
11
What are the prime factors of 8/(-1 + -1)*(-564)/24?
2, 47
Suppose 5*s = 3 + 22. Suppose 18 = s*m - 7. Suppose m*r + f = 84, -3*f + 92 = 5*r - 0*f. What are the prime factors of r?
2
Suppose -9*w - 45 = -513. List the prime factors of w.
2, 13
Suppose 0 = -5*r + 77 - 7. What are the prime factors of r?
2, 7
Suppose 3*l = 3*b - 15, -7 = -4*b + 2*l + 7. List the prime factors of -2*(-1)/b + 11.
2, 3
Suppose 7*n = 4*n + 438. What are the prime factors of n?
2, 73
Let t be 2/2*(0 + 0). Suppose t = -2*x - 3*x - 5. Let w(k) = 4*k**2 + k + 1. What are the prime factors of w(x)?
2
Let u be 10/(-5)*(-5)/(-2). Let y = u - -15. What are the prime factors of y?
2, 5
Let k = -104 + 190. List the prime factors of k.
2, 43
List the prime factors of 2 + 66/1*(-14)/(-6).
2, 3, 13
Let i(p) = p**3 + 4*p**2 - 2*p - 4. Let f be i(-4). Suppose -f*m + 1 = -3. List the prime factors of 5 - (6/3)/m.
3
Let w(c) be the second derivative of -c**4/12 + c**3/6 + 5*c**2/2 + 2*c. List the prime factors of w(0).
5
Let o(a) = 2*a + 0 + 0*a - 3*a + 1. Suppose s = -3*s - 12. List the prime factors of o(s).
2
Let t = 87 + -2. Suppose -t = -3*o - 2*o. What are the prime factors of o?
17
Suppose -5 = -y + 11. Suppose a = 5*w + y, -2*w = -0*w + a + 12. List the prime factors of 0 - w*(1 - 0).
2
Let m(i) = i - 3. Let u be m(12). Suppose n - w - 8 = 0, u + 3 = 3*n + w. List the prime factors of n.
5
Let b be (2/(-1))/2 + 2. Let s(a) = a + 20. Let d be s(13). Suppose 2*c - d = b. List the prime factors of c.
17
Let i = -9 - -44. List the prime factors of i.
5, 7
Suppose 0 = w + 1 - 10. Suppose a = -0*a + w. List the prime factors of a.
3
Let x(o) = o**2 + 2*o + 4*o + 0*o - 7. What are the prime factors of x(-9)?
2, 5
Let l(v) = v**3 - 12*v**2 + v - 8. Let h be l(12). Suppose h*x + 96 = 2*r, 5*x + 115 = 2*r + 14. List the prime factors of r.
2, 19
Suppose -4 = -5*n + 6. Suppose k - 5*k = -16. Suppose 38 = k*o - n*o. List the prime factors of o.
19
Suppose -2*l - 10 = 4*q - 2, -5*q = 15. Let m(d) = 3*d**2 - d - 2. List the prime factors of m(l).
2
Let a = 82 + -71. What are the prime factors of a?
11
Let i(m) = -2*m**2 + 5*m + 2. Let y be i(4). List the prime factors of ((-16)/(-10))/(y/(-25)).
2
List the prime factors of 19 + (0/3)/1.
19
Let r(t) = 2*t. Let x = -4 - -16. What are the prime factors of r(x)?
2, 3
Let u = -6 - -9. Let a be (-20)/3 - (-2)/u. Let x(t) = -t**2 - 6*t + 2. What are the prime factors of x(a)?
2
Let m(y) = -y. Let q be m(-6). Suppose -5*p = -3*f - 1 - 18, -33 = -4*f - 5*p. Suppose -t = -2*t - 4*d + 3, -q = -2*t - f*d. What are the prime factors of t?
3
Suppose 0 = -3*f - 6, -4*i = -5*f + 1 - 31. Let x = i + 9. List the prime factors of x.
2, 7
Suppose -4*w - 7*s + 2*s = -20, 12 = -w + 3*s. Let g(u) = u**2 - u + 29. Let i be g(w). Suppose i = 3*h + 2. List the prime factors of h.
3
Let g(z) = 5*z - 8. Let y be g(6). Let c = -13 + y. Suppose -k = -3*h + 5*h - 29, 0 = 3*k - c. List the prime factors of h.
13
Suppose j = -4*i + 61, j = -0*j + 3*i + 33. What are the prime factors of j?
3, 5
Let j = -247 + 349. What are the prime factors of j?
2, 3, 17
Suppose 4*r - 174 = -r + j, 0 = -5*r - 2*j + 162. List the prime factors of r.
2, 17
Let j = -10 + 22. What are the prime factors of j?
2,